-5*h + 19 + 203 = r, -r = -2*h - 215. Calculate the remainder when r is divided by 55.
52
Let o(c) = c**2 - c + 6. Suppose -3*s - 15 = -8*s. Let b be o(s). Let p(f) = f. Calculate the remainder when p(b) is divided by 5.
2
Calculate the remainder when 48 is divided by 27 + (-12 - (-66)/11).
6
Let i be (2 - -1)/(3/5). Suppose -2*y = -i*y + 1167. Suppose 6*l + y - 1001 = 0. Calculate the remainder when l is divided by 26.
24
Suppose -4*m = 2*c - 110, -11 = -4*c + 2*m + 179. What is the remainder when c is divided by (-684)/(-28) + 4*(-1)/(-7)?
24
Suppose 5*b + 2*i + 7 = -11, -4*b - 11 = 5*i. Let x(s) = -4*s - 6. Calculate the remainder when 79 is divided by x(b).
9
Let y = 559 - 529. What is the remainder when 449 is divided by y?
29
Let s = 74 - 16. Suppose -2*h - 160 = -4*h. Suppose -6*r + 2*r + h = 0. What is the remainder when s is divided by r?
18
Suppose -3*o = -o + l - 9, 5*o + l - 27 = 0. Calculate the remainder when (-86)/(-6) - (-4)/o is divided by (-30)/45 + (-14)/(-3).
3
Let i(a) = a**3 + 5*a**2 + 3*a + 1. Suppose -158 = -4*t + 2*l, 15 = -9*l + 4*l. What is the remainder when t is divided by i(-3)?
8
Suppose 144 + 148 = 4*x. What is the remainder when x is divided by 26?
21
Suppose 4*f - 16 = 8*f. Let w be ((-9)/6)/(3/f). Calculate the remainder when 8 is divided by w - -5 - (-6)/(-2).
0
Let f(u) = -u**3 + 8*u**2 - 11*u + 11. Let q be f(8). Let b = q + 79. Let h = 4 - -1. Calculate the remainder when h is divided by b.
1
Let b(t) = -19*t - 148. Calculate the remainder when 134 is divided by b(-9).
19
Let f(b) = b**3 + 4*b**2 - 2*b. Let g be f(-4). Suppose 261 = g*w + 77. Calculate the remainder when 86 is divided by w.
17
Let x be 40/14*(-77)/(-2). Let y = x + -77. What is the remainder when 230 is divided by y?
32
Let z(x) = -10*x - 399. Calculate the remainder when z(-52) is divided by 22.
11
Let n = -9 + 21. Suppose 5*z - 73 - 22 = 0. Suppose -d + z + 29 = 5*t, 0 = -d + 4*t + 21. What is the remainder when d is divided by n?
9
Let h(w) = -4*w + 74. Let a(t) = -t + 128. Let z be a(0). Calculate the remainder when z/22 - 4/(-22) is divided by h(18).
0
Suppose -2*c = -17 + 17. Suppose -2*l - 77 - 61 = -3*x, 4*x - 2*l - 182 = c. Calculate the remainder when x is divided by 25.
19
What is the remainder when (3990/(-140))/(1*2/(-4)) is divided by 15?
12
Let j(i) = i**2 - 12*i + 42. What is the remainder when j(10) is divided by 72/(-16)*8/(-3)?
10
Let x(j) = j**3 - 45*j**2 + 3*j - 29. What is the remainder when x(45) is divided by 22?
18
Suppose 4*o + 52 = 4*i, -4*i = -3*o - 0*o - 48. Suppose 11*l - 86 = 101. What is the remainder when l is divided by i?
8
Let p = 28 + -70. Let n = 50 + p. Suppose -5*k = -61 - 9. What is the remainder when k is divided by n?
6
Calculate the remainder when -376*(2/(-7) - 18/84) is divided by 7.
6
Let z(h) = 6*h. Suppose 0 = 5*j - 15*j + 2760. Suppose 15*c - j = 9*c. Calculate the remainder when c is divided by z(2).
10
Suppose -614*x + 618*x = 296. Calculate the remainder when 813 is divided by x.
73
Let a = 4 - 2. Let f be (-2)/(-10) + (-32)/(-200)*5. What is the remainder when a is divided by 2 + (-1 - 0)*f?
0
Let h = 42 - 38. Suppose -h*s + 231 = -121. Calculate the remainder when s is divided by 15.
13
Let s = -59 + 138. Calculate the remainder when s is divided by 21.
16
Suppose 2 = -2*o + 4. Let w be (-9 + -5)/(o + 0). Let i = w - -16. What is the remainder when 3 is divided by i?
1
Let o(m) = m**3 + 3*m**2 - 2*m. What is the remainder when o(-3) is divided by 4?
2
Let s be 11*(-2 - (-1 - 2)). Let h = s - -3. Calculate the remainder when h is divided by 15/4 - (-3)/12.
2
Suppose -9 + 57 = 8*u. Let r(g) = g**2 - 3*g + 13. Let t be r(u). Let z = 41 - t. What is the remainder when 28 is divided by z?
8
Let c(b) = b**3 + 2*b**2 - 2*b + 1. Let x be c(1). Suppose x*z - 18 = z. Calculate the remainder when z is divided by 4.
2
Suppose -30*b + 174 = 2*n - 26*b, 15 = -5*b. Calculate the remainder when n is divided by 25.
18
Let q(b) = b**2 + 8*b - 241. What is the remainder when q(-41) is divided by 112?
104
Suppose -343*b = -346*b + 96. What is the remainder when 125 is divided by b?
29
Suppose -3*b + 2*l + 10 = b, -3*b - l + 20 = 0. Suppose 2 = 2*h - b*s, -s + 0 = -2. What is the remainder when 27 is divided by h?
3
Suppose -5*d - 3 = 3*u, 20*u + 24 = 23*u - 4*d. Calculate the remainder when 513 is divided by u.
1
Let m = 43 - -37. Calculate the remainder when m is divided by 23.
11
Suppose -4*n - 13 = -t, 4*t - 38 = -3*n - 5. Suppose -8 = t*f - 62. What is the remainder when 29 is divided by f?
5
Suppose 0 = -a - 5*o + 26, -22*o = -2*a - 17*o + 22. Suppose 5*p - 169 = -24. What is the remainder when p is divided by a?
13
Suppose -5*z + 31 - 1 = 0. Suppose 9*a + 150 = 84*a. Calculate the remainder when z is divided by a.
0
Suppose 5*b = 0, 4 - 6 = -c + 3*b. Suppose 4*u = -5*l + 23, 5*u + c*l - 8 = 4*u. What is the remainder when 5/(-2)*(-18)/15 is divided by u?
1
Calculate the remainder when ((-2299)/(-38))/((-2)/(-44)) is divided by 36.
35
Let m = 6 + -23. Suppose -40 - 2 = -2*i - 5*l, 3*i - l = 63. Let s = m + i. Calculate the remainder when 14 is divided by s.
2
Let q = -143 - -223. Calculate the remainder when 314 is divided by q.
74
Suppose 93*l = 112*l - 931. What is the remainder when 440 is divided by l?
48
Suppose 2*d = -8, -3*p - d = -0*d - 8. Let b = 1 - -12. What is the remainder when -4*p/(3 + (-13)/4) is divided by b?
12
Suppose -40 - 89 = 3*o. Let v = o + 63. Calculate the remainder when 139 is divided by v.
19
Let q(v) = v**3 + v**2 + v + 52. Calculate the remainder when q(0) is divided by (-224)/(-21) - (-1)/3.
8
Suppose 0 = 3*o - 9, w - 5*o = 4*w + 93. Suppose -4*k + 203 - 63 = 0. What is the remainder when k is divided by (4/(-3) + 1)*w?
11
Let q be (38 + 7)/(3/4). Suppose 4*g - q = 32. What is the remainder when ((-45)/4)/((-1)/4) is divided by g?
22
Calculate the remainder when 105 is divided by 10/8 - 1236/(-48).
24
Suppose 4*l - 5400 = -2*j, -13464 = -5*j + 2*l - 0*l. Suppose -5*q - j = -3*q. Calculate the remainder when 4/22 + q/(-33) is divided by 14.
13
Let k(c) be the second derivative of c**4/12 - c**3/3 + 3*c**2/2 + 5*c. Let d = 12 + -5. What is the remainder when k(-4) is divided by d?
6
Let y = -37 - -104. Calculate the remainder when 267 is divided by y.
66
Suppose 197 = -2*k + 37. Let i = -423 - k. What is the remainder when 47 is divided by (-1)/3 + i/(-21)?
15
Let i = 153 + -151. Suppose 0 = -2*u - 2, 0 = 5*w + u + i*u - 57. Suppose -2*h + a = -20 - 45, 5*a = 5*h - 165. What is the remainder when h is divided by w?
8
Let t(q) be the third derivative of q**6/120 - 13*q**5/60 + q**4/12 - 5*q**3/2 + 4*q**2. Calculate the remainder when (6/(-4))/(30/(-380)) is divided by t(13).
8
Let x(u) = -2*u**3 + 4*u**2 - 4*u + 22. Calculate the remainder when x(-6) is divided by 25.
22
Suppose 10 + 23 = 11*k. Suppose -2*m + 53 = k. What is the remainder when m is divided by 5?
0
Let d(k) = -k**2 - 6*k + 10. Calculate the remainder when 47 is divided by d(0).
7
Let g = 758 + -500. Suppose 5*m = g + 667. Calculate the remainder when m is divided by 47.
44
Let z = -186 + 318. What is the remainder when z is divided by 19?
18
Suppose 20 = -h + 5*v, -3*v = -4*h - 6*v - 172. What is the remainder when 109 is divided by ((-18)/(-6))/((-12)/h)?
9
Let l = -722 - -1137. What is the remainder when l is divided by 28?
23
Suppose 10*x - 9*x = 10. Suppose 0 = x*m - 4*m - 1530. Calculate the remainder when m is divided by 43.
40
Let k = -3 + 13. Let q(r) = -r - 11. Let v be q(k). What is the remainder when 94 is divided by 56/(-6)*54/v?
22
Let k = 349 + -339. What is the remainder when 119 is divided by k?
9
Let o be ((-2 - 2) + -1)/(-1). Suppose o*n - 2*q = 32, 0*q + 20 = 2*n + q. What is the remainder when 33*(-2)/(-3)*1 is divided by n?
6
Suppose -5*o = 4*i - 3*i - 448, 2156 = 5*i + 4*o. Suppose v - 3*v - 164 = -2*g, -5*g + i = 4*v. What is the remainder when g is divided by 30?
24
Suppose 4*n = 132 + 52. Suppose 32*s = 30*s + n. Calculate the remainder when 68 is divided by s.
22
Suppose -1 = -h + 1. Let w(i) = 4*i - 17. Let x be w(7). Suppose -2*m + t + 17 = 0, m + t - x = 2*t. Calculate the remainder when m is divided by h.
0
Suppose 0 = 12*n - 18*n + 36. What is the remainder when 47 is di